V/Λ SELECT: Month and Year
OR > Month
Monthly Climatological Summary for Nov 2023
Name: Camberley Weather City: Camberley State: Surrey
Elevation: 268 ft Lat: N 51° 19' 54" Lon: W 000° 45' 11"
Temperature (°C), Rain (mm), Wind Speed (mph)
Heat Cool Avg
Mean Deg Deg Wind Dom
Day Temp High Time Low Time Days Days Rain Speed High Time Dir
----------------------------------------------------------------------------------
01 11.4 13.2 05:45 8.1 18:45 6.9 0.0 9.2 3.4 21.0 13:32 SW
02 9.5 11.3 01:19 7.9 17:04 8.8 0.0 12.2 4.1 24.0 15:44 WSW
03 9.1 13.8 11:51 5.4 23:58 9.2 0.0 0.8 3.4 19.0 07:37 WSW
04 8.6 12.3 15:25 4.3 03:09 9.7 0.0 8.4 2.0 17.0 09:07 SSW
05 9.0 13.2 13:18 6.2 01:43 9.3 0.0 0.0 2.7 21.0 12:45 WSW
06 8.6 12.8 13:23 5.3 23:44 9.7 0.0 0.0 2.6 16.0 12:50 WSW
07 7.1 12.2 14:37 3.8 03:18 11.2 0.0 0.0 1.7 16.0 10:55 WSW
08 8.5 12.9 12:31 3.8 01:04 9.8 0.0 4.6 1.9 20.0 09:14 SW
09 7.1 10.6 13:22 4.1 01:47 11.2 0.0 2.2 2.6 20.0 13:49 SW
10 5.8 8.6 10:42 0.6 23:50 12.5 0.0 2.8 1.5 17.0 04:30 WNW
11 3.4 10.4 13:00 -0.8 07:11 14.9 0.0 0.0 0.5 12.0 23:21 NE
12 7.1 9.4 23:52 3.7 00:29 11.2 0.0 1.4 1.0 9.0 00:34 E
13 12.1 14.1 08:38 9.4 00:00 6.2 0.0 13.0 5.5 30.0 11:03 WSW
14 10.1 12.0 10:14 8.2 21:23 8.2 0.0 5.4 3.5 18.0 01:09 WSW
15 7.9 11.6 13:03 4.2 23:12 10.4 0.0 0.2 2.6 17.0 11:49 WSW
16 5.4 7.6 14:32 2.5 22:10 12.9 0.0 3.4 0.7 10.0 08:09 ENE
17 5.4 9.4 14:08 0.2 07:34 12.9 0.0 2.0 0.5 7.0 10:40 WSW
18 12.1 14.4 12:26 7.5 00:00 6.2 0.0 2.6 3.6 18.0 23:54 WSW
19 11.5 13.6 13:51 9.6 23:56 6.8 0.0 0.6 5.6 24.0 11:46 WSW
20 9.6 10.9 13:45 7.9 03:36 8.7 0.0 2.4 1.7 14.0 00:00 W
21 9.0 10.5 11:54 5.3 23:58 9.3 0.0 0.2 1.9 13.0 11:32 N
22 7.0 10.1 17:14 4.1 06:18 11.3 0.0 0.0 0.9 11.0 14:47 WSW
23 10.0 12.7 13:23 7.2 01:12 8.3 0.0 0.0 2.4 16.0 11:09 WSW
24 5.8 10.9 00:00 -1.7 23:27 12.5 0.0 0.2 2.0 17.0 13:36 N
25 -0.3 5.1 13:10 -3.6 08:04 18.5 0.0 0.0 0.4 10.0 12:52 NNW
26 3.0 9.6 23:34 -2.4 01:43 15.3 0.0 3.6 0.4 9.0 16:21 SW
27 7.3 10.0 11:31 4.3 17:52 11.0 0.0 2.2 2.5 13.0 02:45 WNW
28 4.1 6.4 12:11 1.3 20:41 14.2 0.0 0.0 0.7 9.0 00:16 NNW
29 3.0 5.7 13:13 -0.8 23:58 15.3 0.0 0.2 0.4 7.0 17:32 NE
30 0.0 3.4 14:36 -1.8 05:28 18.3 0.0 0.0 1.3 12.0 13:48 ENE
----------------------------------------------------------------------------------
7.3 14.4 18 -3.6 25 330.6 0.0 77.6 2.1 30.0 13 WSW
Max >= 27.0 0
Max <= 0.0 0
Min <= 0.0 6
Min <= -18.0 0
Max Rain: 13.0 on day 13
Days of Rain: 21 (>= 0.2 mm) 14 (>= 2.0 mm) 0 (>= 20.0 mm)
Heat Base: 18.3 Cool Base: 18.3 Method: Integration