V/Λ SELECT: Month and Year
OR > Month
Monthly Climatological Summary for Aug 2023
Name: Camberley Weather City: Camberley State: Surrey
Elevation: 268 ft Lat: N 51° 19' 54" Lon: W 000° 45' 11"
Temperature (°C), Rain (mm), Wind Speed (mph)
Heat Cool Avg
Mean Deg Deg Wind Dom
Day Temp High Time Low Time Days Days Rain Speed High Time Dir
----------------------------------------------------------------------------------
01 17.8 23.8 15:26 13.4 06:11 1.7 1.3 0.4 2.9 20.0 12:30 WSW
02 16.4 18.8 11:20 14.7 02:37 1.9 0.0 8.4 2.3 19.0 09:20 WSW
03 17.5 21.6 12:16 14.3 05:43 1.6 0.7 0.4 0.8 10.0 10:31 N
04 15.7 19.8 16:10 11.2 04:25 2.8 0.1 0.0 0.7 10.0 14:52 NNW
05 14.3 18.5 15:18 12.2 21:27 4.0 0.0 5.6 1.4 16.0 18:23 NW
06 14.5 20.0 14:18 9.2 06:15 3.8 0.1 0.2 1.2 13.0 00:03 N
07 15.8 22.3 15:08 8.1 05:28 3.5 1.0 0.0 1.2 16.0 18:12 WSW
08 14.5 17.4 18:10 10.2 03:50 3.8 0.0 2.6 1.2 12.0 18:37 WSW
09 18.6 24.2 16:55 13.1 01:54 1.7 2.0 0.0 0.8 13.0 13:41 WSW
10 20.1 26.2 16:00 13.2 05:38 1.3 3.0 0.0 1.2 13.0 19:49 SW
11 20.4 24.6 15:20 16.4 23:57 0.2 2.4 0.0 2.8 15.0 19:57 SW
12 17.9 22.3 13:18 13.5 03:46 1.4 1.0 0.0 3.5 23.0 13:12 SW
13 18.2 23.2 13:12 15.6 03:41 1.1 1.0 0.0 3.3 17.0 12:21 SW
14 17.2 20.1 12:44 14.4 23:58 1.3 0.3 2.4 2.4 21.0 13:43 SW
15 18.0 25.1 14:00 9.7 06:06 2.3 2.0 0.0 1.1 12.0 13:52 WSW
16 19.5 25.9 14:55 11.3 06:25 1.5 2.7 0.0 0.7 11.0 23:01 ENE
17 19.5 24.6 13:56 15.2 03:44 0.9 2.1 0.0 3.1 17.0 11:21 E
18 20.0 24.3 15:56 17.4 09:19 0.3 2.0 8.2 2.2 14.0 11:58 E
19 19.6 24.2 14:03 16.1 23:23 0.4 1.7 0.2 3.6 18.0 12:05 SW
20 19.3 25.6 15:21 13.6 04:44 1.2 2.2 0.0 1.8 15.0 16:32 SW
21 18.8 24.8 14:04 13.8 02:45 1.4 1.9 0.0 2.0 14.0 15:52 SW
22 19.6 26.2 14:42 14.2 03:23 1.2 2.5 0.0 1.7 15.0 12:05 WSW
23 20.4 27.1 15:34 12.8 06:25 1.3 3.4 0.0 0.6 8.0 11:20 WSW
24 19.2 24.6 11:56 15.2 04:18 0.9 1.8 0.6 0.4 10.0 12:53 WSW
25 16.3 22.3 14:48 11.9 06:22 2.6 0.6 0.0 1.4 13.0 13:28 WSW
26 14.8 21.8 14:39 10.1 04:48 3.8 0.3 0.0 1.3 12.0 14:02 WSW
27 14.7 20.5 16:53 8.2 06:05 4.0 0.3 0.0 1.0 12.0 12:08 WNW
28 15.9 21.6 13:50 11.7 07:11 2.9 0.5 0.0 0.7 10.0 12:36 N
29 16.3 21.7 13:43 13.6 06:24 2.6 0.5 0.8 1.3 13.0 17:21 WSW
30 15.1 20.6 13:28 8.7 06:46 3.6 0.4 0.2 1.0 13.0 12:21 W
31 13.4 16.1 12:43 9.9 03:06 4.9 0.0 0.4 0.3 9.0 13:18 W
----------------------------------------------------------------------------------
17.4 27.1 23 8.1 7 65.7 37.7 30.4 1.6 23.0 12 WSW
Max >= 27.0 1
Max <= 0.0 0
Min <= 0.0 0
Min <= -18.0 0
Max Rain: 8.4 on day 2
Days of Rain: 13 (>= 0.2 mm) 5 (>= 2.0 mm) 0 (>= 20.0 mm)
Heat Base: 18.3 Cool Base: 18.3 Method: Integration