V/Λ SELECT: Month and Year
OR > Month
Monthly Climatological Summary for Aug 2022
Name: Camberley Weather City: Camberley State: Surrey
Elevation: 268 ft Lat: N 51° 19' 54" Lon: W 000° 45' 11"
Temperature (°C), Rain (mm), Wind Speed (mph)
Heat Cool Avg
Mean Deg Deg Wind Dom
Day Temp High Time Low Time Days Days Rain Speed High Time Dir
----------------------------------------------------------------------------------
01 22.0 28.7 17:15 17.6 05:51 0.0 3.8 0.0 0.9 14.0 19:20 WSW
02 21.6 26.8 16:51 17.6 05:26 0.0 3.3 0.0 2.6 17.0 09:58 WSW
03 21.3 26.0 16:01 17.7 01:48 0.1 3.0 0.0 2.5 16.0 10:21 WSW
04 19.8 24.9 15:11 15.5 06:15 0.5 2.1 0.0 1.5 12.0 15:17 N
05 18.1 24.2 16:02 13.0 06:30 1.6 1.4 0.0 1.1 13.0 11:50 NNE
06 18.0 26.2 16:19 9.2 06:12 2.5 2.2 0.0 0.6 9.0 11:35 ENE
07 19.6 28.6 15:34 9.3 05:51 2.4 3.7 0.0 0.6 11.0 15:09 N
08 21.9 30.1 15:34 12.6 06:03 1.0 4.5 0.0 0.5 12.0 17:38 E
09 21.7 30.2 16:52 12.8 05:43 1.1 4.4 0.0 1.4 18.0 12:59 E
10 22.9 32.1 16:08 13.5 05:48 0.8 5.3 0.0 1.6 14.0 13:02 E
11 24.4 34.2 15:40 14.2 05:43 0.6 6.7 0.0 1.3 13.0 13:40 E
12 25.5 34.4 15:36 17.3 06:15 0.1 7.3 0.0 1.7 15.0 15:53 E
13 25.7 36.3 16:30 16.6 06:01 0.1 7.6 0.0 1.1 12.0 13:19 ESE
14 25.2 33.3 14:11 15.8 06:24 0.3 7.2 0.0 0.8 12.0 14:14 ESE
15 22.9 29.1 15:40 16.6 06:40 0.1 4.7 0.0 0.9 11.0 13:18 WSW
16 20.0 22.9 14:52 16.0 23:57 0.1 1.8 1.4 0.2 8.0 16:07 S
17 17.9 24.9 13:35 13.9 04:19 1.4 1.0 9.8 0.6 12.0 18:58 ENE
18 20.4 26.0 17:17 16.6 01:16 0.5 2.6 0.0 1.7 16.0 18:41 WSW
19 20.0 24.6 14:49 14.7 23:58 0.3 1.9 0.2 1.9 16.0 15:00 W
20 18.1 25.2 15:52 11.7 04:38 2.0 1.8 0.0 2.4 21.0 18:45 WSW
21 18.9 27.1 16:15 13.7 06:31 1.5 2.1 0.0 0.9 11.0 14:17 WSW
22 17.5 21.9 13:33 12.3 06:11 1.8 0.9 0.2 0.6 11.0 09:34 SW
23 20.8 27.8 16:30 17.6 00:57 0.2 2.6 0.4 1.9 15.0 19:03 SW
24 22.9 29.3 16:05 18.8 23:59 0.0 4.6 0.0 1.8 15.0 11:46 SW
25 17.7 20.7 13:39 12.7 23:59 0.8 0.2 14.0 0.5 12.0 11:11 NNE
26 17.5 24.9 13:37 11.4 06:32 2.5 1.8 0.2 0.0 9.0 13:39 WSW
27 18.7 25.5 17:13 11.6 06:24 1.8 2.3 0.0 0.3 11.0 18:39 E
28 18.5 24.1 14:56 12.7 04:57 1.6 1.7 0.0 1.1 13.0 14:55 E
29 18.2 23.1 15:07 14.4 06:02 1.2 1.1 0.0 2.0 16.0 16:19 E
30 17.9 25.1 16:26 12.4 06:03 1.9 1.6 0.0 2.1 15.0 11:35 ENE
31 18.0 24.2 16:54 12.5 06:02 1.7 1.4 0.0 2.3 21.0 14:27 E
----------------------------------------------------------------------------------
20.4 36.3 13 9.2 6 30.5 96.6 26.2 1.3 21.0 20 SSE
Max >= 27.0 13
Max <= 0.0 0
Min <= 0.0 0
Min <= -18.0 0
Max Rain: 14.0 on day 25
Days of Rain: 7 (>= 0.2 mm) 2 (>= 2.0 mm) 0 (>= 20.0 mm)
Heat Base: 18.3 Cool Base: 18.3 Method: Integration