V/Λ SELECT: Month and Year
OR > Month
Monthly Climatological Summary for Jul 2022
Name: Camberley Weather City: Camberley State: Surrey
Elevation: 268 ft Lat: N 51° 19' 54" Lon: W 000° 45' 11"
Temperature (°C), Rain (mm), Wind Speed (mph)
Heat Cool Avg
Mean Deg Deg Wind Dom
Day Temp High Time Low Time Days Days Rain Speed High Time Dir
----------------------------------------------------------------------------------
01 15.6 21.3 14:15 11.1 06:09 3.0 0.3 0.2 3.0 20.0 15:44 WSW
02 16.3 21.8 15:51 11.2 05:13 2.6 0.6 0.0 3.5 19.0 13:33 WSW
03 16.8 23.6 14:44 10.2 05:35 2.6 1.0 0.2 1.3 12.0 15:29 W
04 16.4 22.1 16:51 9.4 04:46 2.8 0.9 0.0 1.5 15.0 13:04 W
05 16.4 22.5 14:28 8.1 05:53 2.9 1.0 0.0 0.9 12.0 10:33 NNW
06 18.2 25.4 17:55 10.1 04:18 2.1 2.0 0.0 1.2 12.0 19:49 NW
07 19.7 25.8 17:47 15.4 07:57 0.7 2.1 0.0 1.3 12.0 06:43 NNE
08 21.3 29.3 17:03 12.4 05:37 1.3 4.3 0.0 0.8 12.0 15:15 N
09 21.1 28.1 16:18 13.9 05:49 0.7 3.5 0.0 1.2 10.0 08:28 NE
10 22.0 31.8 16:53 13.4 05:41 0.9 4.7 0.0 1.1 13.0 19:26 WSW
11 23.7 33.4 15:15 14.4 05:05 0.7 6.1 0.0 1.1 11.0 18:59 WSW
12 24.5 31.2 12:27 16.9 05:10 0.2 6.3 0.0 1.2 14.0 14:49 WSW
13 23.5 28.4 17:31 19.4 23:52 0.0 5.2 0.0 0.7 10.0 15:14 NNW
14 19.7 25.8 15:13 13.6 05:28 1.0 2.4 0.0 1.4 13.0 12:54 NNE
15 19.2 26.7 15:20 10.3 05:50 1.9 2.8 0.0 0.8 11.0 17:01 NW
16 21.3 31.2 17:18 11.4 05:41 1.4 4.4 0.0 0.9 11.0 19:11 SSW
17 23.3 30.8 17:30 13.4 05:47 0.7 5.7 0.0 1.1 14.0 12:30 WSW
18 27.4 37.2 17:50 16.4 04:42 0.2 9.3 0.0 0.9 10.0 11:31 WSW
19 29.1 39.6 13:35 19.7 04:55 0.0 10.8 0.0 1.8 25.0 18:55 WSW
20 21.1 26.7 16:30 17.4 22:33 0.1 2.8 2.2 2.7 16.0 12:40 WSW
21 19.1 24.8 15:49 13.1 05:32 1.3 2.1 0.0 0.6 12.0 21:13 ESE
22 19.4 23.6 15:59 16.5 05:43 0.4 1.5 0.4 1.2 13.0 10:16 ESE
23 19.8 26.7 14:13 14.1 05:55 0.8 2.4 0.0 2.3 17.0 16:51 WSW
24 21.2 26.6 15:27 17.4 05:12 0.2 3.1 0.0 4.5 23.0 14:28 WSW
25 19.5 22.8 16:41 16.8 23:37 0.2 1.4 0.0 3.6 20.0 17:04 WSW
26 18.0 24.2 16:06 14.7 08:17 1.2 0.9 0.0 0.3 9.0 02:16 ENE
27 18.5 24.1 14:25 12.1 05:59 1.5 1.7 0.0 0.8 11.0 17:14 SSW
28 19.5 26.1 15:05 14.4 04:07 1.1 2.3 0.0 1.8 13.0 10:43 ESE
29 20.7 29.2 15:58 13.1 03:43 1.4 3.8 0.0 0.8 10.0 10:22 SE
30 20.7 26.2 14:28 14.4 05:55 0.7 3.1 0.0 1.7 13.0 11:23 WSW
31 21.9 26.9 16:22 19.0 04:58 0.0 3.6 0.0 2.3 14.0 08:49 WSW
----------------------------------------------------------------------------------
20.5 39.6 19 8.1 5 34.6 102.1 3.0 1.5 25.0 19 WSW
Max >= 27.0 11
Max <= 0.0 0
Min <= 0.0 0
Min <= -18.0 0
Max Rain: 2.2 on day 20
Days of Rain: 4 (>= 0.2 mm) 1 (>= 2.0 mm) 0 (>= 20.0 mm)
Heat Base: 18.3 Cool Base: 18.3 Method: Integration