V/Λ SELECT: Month and Year
OR > Month
Monthly Climatological Summary for Jun 2022
Name: Camberley Weather City: Camberley State: Surrey
Elevation: 268 ft Lat: N 51° 19' 54" Lon: W 000° 45' 11"
Temperature (°C), Rain (mm), Wind Speed (mph)
Heat Cool Avg
Mean Deg Deg Wind Dom
Day Temp High Time Low Time Days Days Rain Speed High Time Dir
----------------------------------------------------------------------------------
01 12.6 19.8 17:43 5.7 05:46 5.8 0.1 0.2 0.4 10.0 14:55 NW
02 15.1 23.1 16:05 5.8 05:13 4.2 1.0 0.0 0.5 13.0 12:13 SE
03 17.2 23.9 13:23 11.7 05:06 2.3 1.3 0.0 2.3 17.0 15:23 E
04 15.0 21.1 16:43 11.7 02:19 3.6 0.3 1.6 3.9 21.0 16:29 E
05 12.5 15.7 16:19 10.4 03:55 5.8 0.0 5.0 0.5 14.0 00:07 ENE
06 13.7 16.2 17:35 11.6 07:02 4.6 0.0 1.2 0.9 10.0 04:31 W
07 15.9 23.9 15:29 7.9 05:34 3.3 0.9 0.0 1.5 15.0 19:38 SW
08 16.9 22.4 15:14 13.1 23:54 2.0 0.7 0.4 3.1 20.0 16:17 WSW
09 15.4 20.1 13:39 9.7 05:17 3.0 0.1 0.0 2.5 16.0 16:05 WSW
10 18.0 22.9 14:32 13.9 23:54 1.5 1.2 0.2 3.5 19.0 17:18 WSW
11 17.0 22.9 14:54 10.9 05:00 2.4 1.1 0.0 2.9 18.0 12:09 WSW
12 16.0 21.8 15:09 9.4 04:45 3.0 0.7 0.0 1.8 16.0 14:30 W
13 15.9 22.7 17:23 8.3 05:28 3.3 0.9 0.0 0.9 10.0 15:59 WNW
14 18.1 26.7 15:45 8.1 05:24 2.8 2.6 0.0 0.9 11.0 13:20 SW
15 19.6 28.8 15:19 8.4 05:14 2.4 3.8 0.0 0.9 12.0 14:49 WSW
16 21.1 31.0 16:59 11.0 04:41 1.7 4.6 0.0 1.2 12.0 11:56 WSW
17 23.8 31.6 16:38 14.7 05:32 0.6 6.1 0.0 2.5 21.0 14:04 WSW
18 17.5 23.8 10:36 9.5 23:53 2.0 1.2 0.6 1.7 14.0 16:29 NE
19 14.1 19.4 15:00 8.9 01:42 4.3 0.1 0.0 1.8 17.0 09:32 ENE
20 17.1 24.2 19:01 10.8 05:36 2.5 1.4 0.0 2.0 15.0 10:39 ENE
21 19.0 27.9 16:07 9.3 05:27 2.4 3.1 0.0 1.0 11.0 16:07 E
22 20.6 28.6 16:06 11.0 05:13 1.6 3.9 0.0 1.6 14.0 15:04 ESE
23 18.9 27.0 17:13 12.3 04:54 1.5 2.1 0.2 1.0 14.0 18:17 SSW
24 17.1 22.2 14:38 13.8 05:21 1.6 0.5 0.2 3.6 19.0 15:55 SW
25 15.6 20.9 16:03 11.7 05:04 3.0 0.3 1.4 3.0 25.0 10:43 WSW
26 15.6 21.5 15:30 9.9 04:59 3.1 0.4 0.2 3.4 20.0 14:43 WSW
27 14.4 19.1 13:13 10.1 05:31 3.9 0.0 0.8 2.3 23.0 09:16 WSW
28 15.6 21.3 16:09 9.3 04:53 3.2 0.5 0.0 2.7 23.0 12:38 WSW
29 16.8 21.5 14:00 13.9 05:28 2.0 0.5 0.2 2.3 16.0 16:06 WSW
30 15.0 19.8 15:03 11.1 06:07 3.4 0.0 1.4 1.7 15.0 16:32 WSW
----------------------------------------------------------------------------------
16.7 31.6 17 5.7 1 86.8 39.4 13.6 1.9 25.0 25 SW
Max >= 27.0 6
Max <= 0.0 0
Min <= 0.0 0
Min <= -18.0 0
Max Rain: 5.0 on day 5
Days of Rain: 14 (>= 0.2 mm) 1 (>= 2.0 mm) 0 (>= 20.0 mm)
Heat Base: 18.3 Cool Base: 18.3 Method: Integration