V/Λ SELECT: Month and Year
OR > Month
Monthly Climatological Summary for Apr 2022
Name: Camberley Weather City: Camberley State: Surrey
Elevation: 268 ft Lat: N 51° 19' 54" Lon: W 000° 45' 11"
Temperature (°C), Rain (mm), Wind Speed (mph)
Heat Cool Avg
Mean Deg Deg Wind Dom
Day Temp High Time Low Time Days Days Rain Speed High Time Dir
----------------------------------------------------------------------------------
01 3.4 9.1 15:37 0.2 07:04 14.9 0.0 0.0 3.3 25.0 13:37 NNE
02 2.9 10.2 15:28 -2.6 06:31 15.4 0.0 0.0 1.0 15.0 15:44 ENE
03 3.4 10.3 14:01 -4.2 06:47 14.9 0.0 0.0 0.9 11.0 13:40 NW
04 9.4 14.4 17:33 4.6 00:00 8.9 0.0 2.8 3.8 19.0 06:26 W
05 11.5 14.8 15:50 9.7 22:50 6.8 0.0 0.2 4.1 21.0 19:57 W
06 10.3 14.5 14:37 8.9 02:55 8.0 0.0 7.6 6.2 24.0 13:32 WSW
07 8.8 12.9 13:42 3.7 23:41 9.5 0.0 4.6 6.6 32.0 12:59 W
08 6.3 12.6 17:35 1.4 03:13 12.0 0.0 1.8 0.6 13.0 22:10 NNE
09 6.2 12.8 15:37 -0.7 06:33 12.1 0.0 0.2 1.0 13.0 17:16 WNW
10 7.0 14.4 15:09 -1.3 06:13 11.3 0.0 0.0 0.6 13.0 14:39 SW
11 11.9 19.9 14:21 4.8 04:47 6.4 0.1 0.0 2.7 19.0 13:09 ESE
12 12.9 18.1 13:08 10.1 04:40 5.4 0.0 0.0 2.2 17.0 15:49 SW
13 13.2 18.9 16:14 9.6 06:04 5.1 0.0 0.0 1.9 15.0 14:42 WSW
14 12.2 19.4 15:13 5.3 06:17 6.1 0.0 0.0 0.8 11.0 15:03 W
15 14.6 23.8 15:51 5.2 06:27 5.0 1.3 0.0 0.5 13.0 18:07 WSW
16 14.5 22.7 15:18 6.5 06:21 4.6 0.8 0.0 1.5 12.0 14:30 E
17 13.1 20.9 15:31 6.2 05:57 5.5 0.3 0.0 1.2 18.0 15:21 WSW
18 12.1 18.2 15:11 6.4 06:20 6.2 0.0 0.0 1.4 15.0 15:28 W
19 10.7 16.6 14:24 4.7 06:16 7.6 0.0 0.0 1.3 16.0 15:47 ENE
20 12.4 19.8 15:37 6.2 04:05 6.1 0.1 0.0 2.5 18.0 12:25 E
21 12.6 20.1 15:01 5.3 05:11 5.9 0.2 0.0 3.1 19.0 13:32 E
22 11.4 16.0 14:13 7.6 05:16 6.9 0.0 0.0 3.4 17.0 02:05 E
23 12.7 18.1 15:10 8.7 03:16 5.6 0.0 0.0 4.1 24.0 11:51 E
24 12.5 18.6 14:41 6.9 06:17 5.8 0.0 0.0 2.5 17.0 12:41 ENE
25 9.6 15.3 16:03 3.9 06:12 8.7 0.0 0.0 1.5 15.0 17:52 ENE
26 10.5 17.2 14:43 3.9 06:10 7.7 0.0 0.0 1.9 13.0 13:03 E
27 8.9 12.0 16:17 5.1 04:02 9.4 0.0 0.0 1.9 15.0 16:06 E
28 9.8 14.7 17:38 3.6 05:34 8.5 0.0 0.0 1.4 11.0 11:05 E
29 8.4 11.3 10:25 3.9 23:50 9.9 0.0 0.0 1.4 14.0 12:14 E
30 10.7 20.0 16:09 0.9 05:47 7.8 0.1 0.0 0.7 10.0 19:42 SE
----------------------------------------------------------------------------------
10.1 23.8 15 -4.2 3 248.0 2.9 17.2 2.2 32.0 7 ESE
Max >= 27.0 0
Max <= 0.0 0
Min <= 0.0 4
Min <= -18.0 0
Max Rain: 7.6 on day 6
Days of Rain: 6 (>= 0.2 mm) 3 (>= 2.0 mm) 0 (>= 20.0 mm)
Heat Base: 18.3 Cool Base: 18.3 Method: Integration